
Let g(t) = -10*t**3 - 2*t**2 + 5*t - 1. Let h be g(-4). Calculate the remainder when h/4 + 57/(-76) is divided by 254/10 + 6/(-15).
21
Let x(h) = -h**2 + 4*h + 70. Let q be x(19). Let c = q + 253. What is the remainder when c is divided by 13?
12
Let t = 2863 + -2853. Let l be (-3 + 3)/((-2)/(-2)). Suppose l*a + 76 = 2*a. Calculate the remainder when a is divided by t.
8
What is the remainder when 405 is divided by 297/(-50 - -23) + 328?
88
Suppose 5*h - 4*l - 4358 = 0, 11*h - 4364 = 6*h + 2*l. What is the remainder when h is divided by 21?
13
Let q = 5570 - 5553. Calculate the remainder when 1422 is divided by q.
11
Suppose 0 = 6*w - 4*w - 22. Suppose 98 = 2*c + 4*a, 1041*c + a + 205 = 1045*c. Calculate the remainder when c is divided by w.
7
Let a be (-164)/(-24) + 1 + 5/(-6). Let k(z) = z**2 + 43*z + a - 4 - 45*z. What is the remainder when 22 is divided by k(3)?
4
Calculate the remainder when (-1 - -49) + (-10)/(-5) is divided by (1 - 1) + -7 + 7*(-351)/(-63).
18
Suppose 5*j + 5*n = 162 + 98, j = -2*n + 57. Calculate the remainder when 3144 is divided by j.
42
Let r be (-5 + 4 - (-2 + -1))/1. Suppose 199 = 3*g - r*w, -g - 2*w = w - 59. Calculate the remainder when 264 is divided by g.
4
Let u = -1253 - -1265. Calculate the remainder when -1 - 1 - 0 - -139 is divided by 19/(152/u)*(-80)/(-6).
17
Let z(h) be the second derivative of -h**4/3 - 7*h**3/6 + 3*h**2/2 - 43*h. Let j be z(4). Let r = 104 + j. Calculate the remainder when 26 is divided by r.
11
Suppose 0 = 5*k + 3*q - 352, k + 6 = 4*q + 58. Let p = 70 - k. Let v(h) = h**2 + 4*h + 6. Calculate the remainder when v(-4) is divided by p.
0
Suppose 0 = -8*v - 0*v + 32. Let w(d) = 2*d**3 - 7*d**2 + 4*d + 1. Let j = 206 - 78. Calculate the remainder when j is divided by w(v).
29
Calculate the remainder when 6/(-81) + (-39137)/(-189) + 13 is divided by 62.
34
Let f be (-230)/(-5 - -10) - (1 + 0). Let l = 86 + f. What is the remainder when 192 is divided by l?
36
What is the remainder when 2176 is divided by 223/11 - (780/(-286))/(-10)?
16
Suppose -3*a = 2*a - 225. Suppose 45*u - 27*u - 180 = 0. Calculate the remainder when a is divided by 240/u - (-3 + 3)/(-4).
21
Suppose -q = -107 - 114 + 21. What is the remainder when 375 is divided by q?
175
Suppose -2*q + 2*d + 274 = 0, -5*q + 27*d = 24*d - 691. Calculate the remainder when 589 is divided by q.
29
Suppose z = -3*j + 324, 3*z + 18*j = 20*j + 950. Suppose 37*p - 105 = 32*p - 5*v, 2*p + 5*v - 57 = 0. What is the remainder when z is divided by p?
14
Suppose -14*w - 106791 = -108765. Calculate the remainder when 862 is divided by w.
16
Suppose 6*a = 1229 - 509. Suppose a = 181*m - 176*m. Calculate the remainder when m is divided by 16.
8
Let k = 1058 - 604. Let r = -380 + k. What is the remainder when r is divided by 15?
14
Suppose 158*b + 5106 = 227*b. What is the remainder when b is divided by 35?
4
Let p = -14 + 19. Suppose -28 = -p*i - 4*d, -3*d = -4*i + 15 + 26. Let w(o) = 12*o - 6. What is the remainder when w(3) is divided by i?
6
Let u be -72*(2 + 8/(-3)). Let p be (-21 + 78/4)/((-1)/(-24)). Let q = p + u. Calculate the remainder when q is divided by 5.
2
Let c(s) = -s**3 - 36*s**2 + 20*s + 308. What is the remainder when c(-38) is divided by 122?
118
Suppose -52*i - 630 = -55*i. Calculate the remainder when i - (1 + 1 - -3) is divided by 69.
67
Suppose x + 3*p - 22 = 0, 3*p - 60 = -4*x + x. Let h(s) = -s**3 + 12*s**2 + s - 8. Suppose 3*k = 43 - 7. What is the remainder when x is divided by h(k)?
3
Let t(b) = -3*b**2 - 50*b + 30. Let m be t(-15). Suppose -m*i - 1003 = -122*i. What is the remainder when 232 is divided by i?
55
Let n = 352065 - 352005. Suppose 5*s - 5*f = 1490, -2*s - 2*f + 439 = -161. Calculate the remainder when s is divided by n.
59
Let a be 1*(-2 + 4 - 11). Let k = 35 + -21. Calculate the remainder when a/(-15) - (-1204)/35 is divided by k.
7
Let s(b) = -3*b**3 + 5*b + 214. What is the remainder when s(0) is divided by 71?
1
Let m = 1449 - 1428. What is the remainder when 113 is divided by m?
8
Suppose 32*o = 22*o - 160 + 1030. Suppose 0 = -3*k + 21 - 9, 4 = 2*f - 4*k. What is the remainder when o is divided by f?
7
Let l be 3/4 - 0 - (-945)/180. Suppose -l*o = -11*o + 1745. What is the remainder when o is divided by 35?
34
Let d = -193 - -184. Let o(k) = k**3 + 7*k**2 - 24*k - 28. Calculate the remainder when 103 is divided by o(d).
25
Suppose -2*p + 2*n - 640 = 0, -4*p + 3*n - 5*n - 1310 = 0. Let k = 369 + p. What is the remainder when 305 is divided by k?
41
Suppose 8*i - 3*i + 230 = 0. Let o = i + 50. Suppose 0 = o*j + 3*d + 8, d + 3 = -j - 0. Calculate the remainder when j is divided by 1.
0
Let n = -22272 + 22323. What is the remainder when 1937 is divided by n?
50
Suppose b - 3 = -0. Suppose -182 = -b*z + 2*z. Calculate the remainder when z is divided by ((-5)/3)/(7568/(-444) + 17).
34
Let d be 17 - (1/2 + 7/2). Let k(y) = y**3 - 14*y**2 + 14*y - 9. What is the remainder when 67 is divided by k(d)?
3
Let i(s) be the second derivative of 7*s**3/6 + 95*s**2/2 + 2*s + 34. Calculate the remainder when 96 is divided by i(-12).
8
Let x = 1390 - 830. Let g = 573 - x. What is the remainder when 75 is divided by g?
10
Let a(s) = -7*s**3 - 3*s**2 + 9*s + 18. Let m be a(-4). What is the remainder when (4/22 - (-18)/(-99)) + m is divided by 12?
10
Suppose 6*y - 2*w - 254 = 7*y, 0 = 3*y + w + 787. What is the remainder when 56 is divided by ((-24)/(-7))/(-6 - y/42)?
8
Suppose -5*f + 3*b + 204 = -416, 0 = 2*b. Let x(p) = 44*p - 55. What is the remainder when f is divided by x(2)?
25
Suppose 0 = -4*g - 2*v - 121 - 39, 3*g = 3*v - 102. Let t = 60 + g. Calculate the remainder when 263 is divided by t.
21
What is the remainder when 251 is divided by 7 - -14 - -1 - (3 - 0/2)?
4
Let o be (4/(-12))/(1 - (-7)/(-6)). Calculate the remainder when (4 + -6)/(o + (-336)/166) is divided by 14.
13
Suppose -4*j = -m - 476, 2*j - 170 = -3*m + 68. What is the remainder when j is divided by 72?
47
Suppose -12*h - 2*y = -13*h, -3*h + 25 = -y. Suppose -h*k + 764 = -8*k. What is the remainder when k is divided by 11?
8
Suppose -476*z + 481*z - 2*t = 4393, 2*z = -5*t + 1792. What is the remainder when z is divided by 34?
31
Suppose 166 = -0*f - 2*f + 4*a, 4*f + 5*a + 397 = 0. Let v = f - -136. Suppose -279 = -33*h + 117. Calculate the remainder when v is divided by h.
7
Suppose 2*f + 100 = 5*h - 3*f, -h = 5*f - 2. What is the remainder when 2 - (2/5 + 1986/(-15)) is divided by h?
15
Let j(a) = -4*a**2 + 160*a - 669. What is the remainder when 5730 is divided by j(34)?
144
Suppose -5*s = 2*p - 797, p = 4*s + 87 + 331. Let n = p - 403. Calculate the remainder when 41 is divided by n.
2
Let z be (-1)/((25/(-5))/90). Let p = z + -16. Suppose 3*c = 4 + p, -4*u + 4*c = -64. Calculate the remainder when 33 is divided by u.
15
Suppose -92*z = 50*z - 79*z - 111195. Calculate the remainder when z is divided by 103.
14
Suppose -22*f = -126 + 16. Suppose -45 = 5*r - 10*r - f*o, o - 36 = -4*r. Calculate the remainder when 122 is divided by r.
5
Suppose d - 4*d = -36. Let c be 10/d*4*6/(-5). What is the remainder when 130 is divided by 2 + (-72)/c + 2?
20
Let o = 69 - 69. Suppose o*x - 2*x + 2736 = 0. What is the remainder when x/45 - (-2)/(-5) - 1 is divided by 6?
5
Suppose 9*s - 8*s + 2*x = 0, 2*s = -2*x + 6. Suppose 14*p = 15*p. Suppose -11*g + 7*g + 4 = p. Calculate the remainder when s is divided by g.
0
Suppose 0 = -5*c - 4*r + 176, 4*r = 2*r + 8. Let i be (-309 + -5)/(5/2 + -2). Let w = i + 690. Calculate the remainder when w is divided by c.
30
Calculate the remainder when 2368 is divided by ((-63)/(-28))/((-105)/(-700)).
13
Let j(i) = 998*i. Suppose -125*b + 122*b + 13 + 62 = 0. Calculate the remainder when j(1) is divided by b.
23
Let g = -298 + 197. Let z = g + 107. Calculate the remainder when 197 is divided by z.
5
Let g(p) = p**2 + 16*p + 25. Let y be g(-15). Suppose y - 37 = -3*m. Calculate the remainder when (-32)/6*18/(-8) is divided by m.
3
Suppose 38 = -3*h - 2*z, -20 = 5*h - 2*z + 22. Suppose 2*g = 5*g - 99. What is the remainder when g is divided by (54/(-15))/(3/h)?
9
Let b(w) = w + 13. Let j be b(9). Let g = -38 + j. Let t = g + 29. What is the remainder when t is divided by 7?
6
Let a = 2645 - 2487. Calculate the remainder when 3